32 = -i + 2*n. Let y = 243 - i. What is the remainder when y is divided by 32?
30
Let a be 21/2*56/84. Let i(h) = 2*h**2 - 11*h + 7. Calculate the remainder when 54 is divided by i(a).
26
Suppose 31389 + 32078 + 13354 = 87*p. Calculate the remainder when p is divided by 24.
19
Let k(t) = t**2 + 2*t + 13. Let f = 5 + 35. Suppose 0 = -3*u + 3*v + 75, -v - 3*v = -u + f. Calculate the remainder when k(-9) is divided by u.
16
Suppose 635 + 55 = 10*b. Calculate the remainder when 198 is divided by b.
60
Let x = 43 + -46. Let n be (-4 - x) + 8/2. Suppose -2*v = -n*a - 75, 35 = -v + 2*v + a. Calculate the remainder when v is divided by 11.
3
Let c(f) = f**3 + 3*f**2 + 4*f + 2. Let n be c(0). Suppose 0 = 19*q + n*q - 2814. What is the remainder when q is divided by 17?
15
Suppose -3*a = 36 - 1890. Calculate the remainder when a is divided by 204.
6
Let h(w) = -6*w - 6. Let x(c) = -140*c**2 + 7840*c + 5. What is the remainder when h(-4) is divided by x(56)?
3
Let v(p) = p**2 - 75*p - 1216. What is the remainder when 71 is divided by v(89)?
11
Let a(g) = 12*g - 1. Calculate the remainder when 1/51 + (-296881)/(-2091) is divided by a(4).
1
Suppose 1079 = -13*s + 26*s. Let r = s - 68. What is the remainder when r is divided by (-3 - -1) + (-36)/(-6)?
3
Suppose 0 = 3*g - 4*g + 3*f + 22, 4*g + 3*f = 73. Let y = -71 + 239. Calculate the remainder when 0 - (0 - 1 - y) is divided by g.
17
Let h(q) = 8*q + 6. Let a be h(15). Let z be 23/5 - 9*3/45. Suppose 3*k + z*m - 378 = a, m - 823 = -5*k. What is the remainder when k is divided by 33?
32
Let n(i) = 3*i**2 + 9*i + 4. Let w be n(-3). Suppose 3*l - 4*l + 47 = w*u, 5*l = -5. Calculate the remainder when 47 is divided by u.
11
Let f be (-1)/6*-2 + (-42)/(-9). What is the remainder when (0 - 2/4)*-82 is divided by -4 - (-35)/f - (-8)/1?
8
Suppose 30*l + x = 27*l + 167, -4*l + 230 = 5*x. What is the remainder when 270 is divided by l?
50
Suppose 2*v = 5*g - 219, 10*g - 51 = 9*g - 2*v. What is the remainder when 1920 is divided by g?
30
Let j = 24 - -4. Let p(b) = 567*b + 561*b - 92 - 1123*b. Calculate the remainder when p(j) is divided by 13.
9
Let r(y) = 238*y + 19. What is the remainder when r(4) is divided by 12?
11
Let j = -81 + 82. Let r = j + 17. What is the remainder when 65 is divided by r?
11
Let q = 4285 + -3635. What is the remainder when q is divided by 164?
158
Let h(u) = -u**3 - 10*u**2 + 7*u + 4. Let z be h(-10). Let j = z + 84. What is the remainder when 213 is divided by j?
15
Suppose 3*a - 2951 = 4*t, 44*a - 46*a - 11*t + 1981 = 0. Calculate the remainder when a is divided by 984.
1
Let v = 9 - -33. Suppose 16*x + 109 = 35 + 490. What is the remainder when v is divided by x?
16
Let x = -26397 - -27357. Calculate the remainder when x is divided by 75.
60
Let o = -66 - -89. Let k = 381 - -146. Calculate the remainder when k is divided by o.
21
Let v = -815 - -1199. Suppose 0 = 3*r - b - 263, -4*r - 4*b + v = 12. Calculate the remainder when r is divided by (0 + 1 + -6)*-3.
14
Let o = 115 + 74. Let i = o - -23. Calculate the remainder when (-3 - -1 - 1)*i/(-6) is divided by 36.
34
What is the remainder when 121 is divided by (124/(-2*1))/(306/(-306))?
59
Let y = -22 - -60. Suppose 12 = 3*z, z + 1131 = 5*t + 190. What is the remainder when t is divided by y?
37
Calculate the remainder when 1132 is divided by 125/3 - (-1)/2*346/519.
40
Let d = 7373 - 7334. Calculate the remainder when 14895 is divided by d.
36
Let o = 96 - 93. Suppose 8*u - c + 117 = 13*u, o*u = c + 75. Calculate the remainder when u is divided by 6.
0
Let m be ((60/(-6))/2)/(-1). Suppose 310 = 5*w + m*o, -5*o = -7*o - 6. Calculate the remainder when 714 is divided by w.
64
Let t = 42 - 39. Suppose -b + p = 3*p - 12, -4 = t*b - 2*p. What is the remainder when 18 is divided by b?
0
Let l = 32 - -9. Suppose 10*d - 94 = 26. Let i(g) = 2*g**2 - 15*g + 11. Calculate the remainder when i(d) is divided by l.
37
Let o(w) = -3*w**2 + 64*w - 69. Let l be 1/(-3)*1*-9. Suppose -5*v + l = -4*v. What is the remainder when o(20) is divided by v?
2
Suppose 74*d = 62*d + 372. What is the remainder when 249 is divided by d?
1
Suppose 4*h - 2*g = -284, -4*h - 3*g = -g + 268. Let b = h + 140. What is the remainder when (b + -1)*(-4)/(-5) is divided by 12?
8
Let q(t) = -64*t - 3. Suppose -4*l = -4*n - 252, 74 = -2*n + 76. What is the remainder when q(-3) is divided by l?
61
What is the remainder when (-25)/((-400)/128) - (2 - 1882) is divided by 626?
10
Suppose 76*f = 90*f + 56. Let n(z) = 20*z**2 + 10*z + 2. Calculate the remainder when n(f) is divided by 73.
63
Suppose -258 = -2*c - 6*m + 5074, -4*c + 10744 = -4*m. Calculate the remainder when c is divided by 34.
29
Let i = 9 - 5. Suppose p = -0*p + i. What is the remainder when (-29)/(-3) - 5/3 is divided by p?
0
Let n(o) = -o**2 + 22*o + 14. Let t be n(22). Let z = t + -32. Let y = 27 - z. What is the remainder when 178 is divided by y?
43
Let v(t) = -t**2 - 1. Let s(c) = -5*c**2 - 11*c + 45. Let k(o) = s(o) - 4*v(o). Calculate the remainder when k(-13) is divided by 4.
3
Suppose -2*w - 3*i + 53 = -18, -3*w + 3*i + 84 = 0. Let m(d) = 69*d + 7. Let t be m(6). Suppose -5*b = w - t. Calculate the remainder when b is divided by 20.
18
Calculate the remainder when 175 is divided by 44/(-11) + 57/3.
10
Suppose r = -3*y - 0*y - 54, -3*y - 330 = 5*r. Let x = r - -74. Let m(g) = 6*g - 2. What is the remainder when m(4) is divided by x?
2
Let r = -19 + 46. Suppose -136*f - 2290 = -314*f - 51*f. What is the remainder when r is divided by f?
7
Let m(b) = 2*b**2 + 9*b + 4. Let d be m(-4). Suppose d = -3*q + 12*w - 14*w + 57, -q + 5 = -4*w. What is the remainder when 80 is divided by q?
12
What is the remainder when 6477 is divided by (-406)/(-319)*11 + 7 + -1?
17
Let d be ((-8)/14)/4 + (-145)/(-35). Suppose 2*f + 4 = 0, 0*f - 5*f + 190 = d*p. Calculate the remainder when p is divided by 14.
8
Let x(c) = 98*c**2 + 177*c + 11. What is the remainder when x(-5) is divided by 63?
1
Suppose -8418 = -85*y - 98*y. Calculate the remainder when (1*14 - -1)*12 is divided by y.
42
Suppose 15*g - 14076 - 20169 = 0. Suppose -11*l + g = -7496. Calculate the remainder when l is divided by 99.
97
Let n(y) = -y**3 - 14*y**2 - 9*y + 18. Let c be n(-13). Let g = -29 - c. Suppose 52*b - 49*b = 0, j = 4*b + 12. Calculate the remainder when j is divided by g.
2
Let o(c) = 2*c**3 + 32*c**2 + 63*c + 34. Calculate the remainder when o(-10) is divided by 55.
54
Suppose 6*y - 279 = y + 3*i, -2*i = 4*y - 210. Let u = 2168 + -3425. Let n = u + 1273. Calculate the remainder when y is divided by n.
6
Let d be 1/(-5) - 451/(-55). What is the remainder when 82 is divided by (1 - 172/12)*(-6)/d?
2
Suppose -6*l + 18 = -6. Suppose 2*n - 2*p = -4*p + 162, p + 304 = l*n. Calculate the remainder when n is divided by 21.
14
Suppose -519 = 7*h - 15. Let w = h - -274. What is the remainder when w is divided by 51?
49
Let t = -152 + 409. Calculate the remainder when 329 is divided by (-18)/153 + t/17.
14
Let u(s) = -s - 5. Let i(c) = c**2 + 2*c - 21. Let a be i(-5). Let f be u(a). What is the remainder when 39 is divided by (-98)/(-9) - f/(-9)?
6
Let z(n) = -n**3 - n**2 + 7*n + 603. Let p(r) = -r**3 + 6*r + 606. Let v(t) = 6*p(t) - 5*z(t). Calculate the remainder when v(0) is divided by 52.
49
Let t(i) = 5*i + 23. Let w = -18 - -20. Calculate the remainder when 37 is divided by t(w).
4
Suppose -3*s = 8 - 29. Let r = s - 3. Suppose -3*v = r - 37. What is the remainder when 42 is divided by v?
9
Let f = -3444 + 3781. What is the remainder when f is divided by 92?
61
Let o = -200 - -173. What is the remainder when 115/(-3)*(o - -24) is divided by 27?
7
What is the remainder when (-2*(-2)/(-10))/(15/(-59325)) is divided by 24?
22
Suppose -36*k - 33741 = -71361. Calculate the remainder when k is divided by 263.
256
Suppose -4*k + 49 = 3*c, 2*c - 11 = 28*k - 29*k. Let a be (-8)/(-6)*261/(-6). Let p = a - -83. What is the remainder when p is divided by k?
12
Suppose -5*j - 5 = -w, -3*j + 52*w + 10 = 54*w. Suppose j = c - 5*m + 1, -4*c - 5*m = -134 + 13. What is the remainder when 142 is divided by c?
22
Let m(a) = 2*a**2 + 5*a - 41. Let w be m(8). Suppose 864 = -119*r + w*r. What is the remainder when r is divided by 50?
8
Suppose -2445*h + 2457*h = 72. Suppos